ctor of b and 364.
52
Suppose 0 = -4*h - 3*v + 95, -7*h = -3*h - 4*v - 116. What is the greatest common factor of h and 4?
2
Let f be 11714/6 + 63/(-189). What is the greatest common factor of 122 and f?
122
Let u(f) = f**3 - 7*f**2 - 11*f + 20. Let l be u(8). Let b be ((-4)/(-6))/(l/(-24))*2. What is the greatest common factor of 40 and b?
8
Suppose -26*o = -3*o - 4600. Calculate the greatest common factor of o and 25.
25
Suppose -f + 16 = 3*f, -f + 9 = -5*n. Let t = n + 3. Suppose 4 = k, 7*a - 5*a - k = 0. What is the highest common factor of t and a?
2
Let p(z) = z**2 - 8*z - 20. Let v be p(9). Let y = v - -14. Suppose 0 = -3*s + 5*h + 20, y*s + h + 8 = 4*s. Calculate the highest common divisor of s and 15.
5
Let w(n) = 11*n**2 - 15*n - 6. Let g be w(4). Calculate the highest common divisor of g and 374.
22
Let w = -10 + 9. Let j be w + -2*(-3)/6. Suppose 3*c + 4*g - 162 = 5*g, c - g - 54 = j. What is the highest common factor of c and 18?
18
Suppose -2*o - 5*w + 69 = 29, -w = o - 14. Let i(y) = 6*y**2 - y + 1. Let j be i(1). Calculate the highest common divisor of o and j.
2
Let a = 177 + -96. Suppose 130 = k - a. Suppose -67 + k = 3*v. Calculate the greatest common factor of 24 and v.
24
Let a = 0 + 8. Let f be (47/2)/(a/32). Let c = 136 - f. What is the greatest common divisor of 14 and c?
14
Suppose 12 + 9 = 3*m. Let a = 833 + -826. What is the greatest common factor of m and a?
7
Let k be 1 + 85/20 + (-3)/(-4). What is the greatest common factor of 96 and k?
6
Suppose 1 = o - 20. Let y = -457 - -688. Calculate the highest common factor of y and o.
21
Let y be ((-1)/2)/(7/182). Let q = y - -15. Let i(z) = 54*z + 2. Let j be i(q). What is the highest common divisor of j and 11?
11
Let r be ((-110)/(-8))/((-8)/32). Let k be 2*(r/(-2) + 4). Suppose 5 - 51 = -2*i + z, -58 = -2*i + 4*z. What is the highest common factor of i and k?
21
Let j(s) = -22*s - 247. Let l be j(-13). What is the greatest common divisor of l and 559?
13
Let f be (-4264)/(-7) + 142/(-14) + 11. What is the highest common factor of 732 and f?
122
Suppose -7*b + 6*b + 20 = 0. What is the greatest common factor of b and 30?
10
Suppose 2*h + 141 = -3*h + 4*d, -3*h = 3*d + 90. Let r = h + 36. Suppose -r = -6*s - 1. Calculate the greatest common divisor of s and 5.
1
Let y be -2 - 1*-2*2. Suppose -y*g = -x - 7, -5*x + 3*x = 3*g. Let j = 100 + -84. Calculate the greatest common factor of g and j.
2
Let d = -437 - -445. Calculate the highest common divisor of d and 296.
8
Let f = 1 + 6. Let v = 2 - -12. Let c = v - 7. What is the greatest common divisor of c and f?
7
Let h(x) = 3*x**2 - 34*x - 20. Let p be h(12). What is the highest common divisor of 9 and p?
1
Let b be 69/15 + 1/(10/(-6)). Suppose -b*m - 21 = -5*q + 69, m - 93 = -4*q. Calculate the greatest common factor of 2 and q.
2
Let v be -10 - -4 - (2 + -85). Calculate the highest common divisor of 616 and v.
77
Let n = 84 + -61. Let g = 54 - 8. What is the greatest common factor of g and n?
23
Suppose 2*x = 4*q + 2092, 5*x + 5*q - 5255 = 10*q. Calculate the highest common divisor of x and 22.
22
Let h(r) = 2*r**3 - 2*r**2 - 4*r + 5. Let x be h(2). Suppose j = 2*o + 23, 5*j - 86 - x = -2*o. Calculate the greatest common factor of 76 and j.
19
Let p = 32 + -8. Calculate the highest common divisor of p and 408.
24
Let y = -6 - -9. Suppose 5*x - 6 = 5*c + 9, 4*c - 23 = -y*x. Suppose 0 = -x*j - 258 + 1413. Calculate the highest common factor of j and 21.
21
Suppose 5*r = 6*l - 5*l - 174, l = -2*r + 146. Calculate the highest common factor of l and 14.
14
Let m(t) = -10*t - 20. Let y be (-15)/(-3) - (0 - -2). Let c be y/(-9) - 70/6. Let v be m(c). What is the highest common divisor of v and 20?
20
Suppose 3 = -5*o + 4*i + 35, -5*o - 2*i = -14. Suppose -5*w = 2*f - 62 - 55, 97 = o*w + 5*f. Calculate the highest common divisor of w and 23.
23
Let c(d) = -65*d - 205. Let l be c(-6). What is the highest common divisor of l and 148?
37
Suppose -3*z - 266 = -22*z. Let n be (360/(-126))/((-4)/z). What is the highest common factor of n and 4?
2
Suppose -6*y = -y - 25. Let d be (-1)/5 + 276/y. Let h(p) = p**2 - 4*p - 1. Let v be h(6). What is the greatest common divisor of d and v?
11
Suppose -1728 = -35*o + 19*o. What is the greatest common factor of o and 81?
27
Let f(c) = 2*c**2 + 5*c + 33 - 18 - 19. Let p be f(-6). Calculate the greatest common divisor of 19 and p.
19
Let g be (-39)/(-2)*(13 + 592/(-48)). What is the highest common factor of 117 and g?
13
Let t be (11/(429/(-21775)))/((-1)/3). What is the highest common factor of t and 67?
67
Let h(l) = l + 22 - 13 - 2*l. Let x be h(4). Suppose 3*a - 3*s - 21 = 96, a - 31 = -s. What is the greatest common factor of a and x?
5
Let d(a) = 2*a**3 - 2*a**2 - a + 9. Let q be d(3). Calculate the greatest common factor of 63 and q.
21
Let a be (48/20)/((-6)/(-20)). Let g(i) = -i + 11. Let d be g(a). Suppose -r + 5 = 0, -2*h + 7*h + d*r = 290. Calculate the greatest common factor of 22 and h.
11
Let b(c) = -31*c - 64. Let h be b(-5). Calculate the highest common factor of h and 28.
7
Let b(i) = 29. Let n(g) = g - 29. Let f(q) = 4*b(q) + 3*n(q). Let s be f(0). Calculate the greatest common factor of 203 and s.
29
Let r = 34 + -32. Suppose 5*c = 5*x - 245, -r*x = -x + 2*c - 52. Suppose -145 = -5*s - x. Calculate the greatest common factor of s and 19.
19
Suppose 0 = 3*o + 3*o - 2*o. Suppose o = -5*n + 7*n + 5*c - 51, -2*c - 48 = -3*n. Calculate the highest common factor of n and 27.
9
Suppose -233 = -5*h - 0*h - 2*g, 0 = -4*h + 4*g + 164. Let n be -27*(-6)/h*-5. Let s = n + 29. What is the highest common factor of 88 and s?
11
Let j be ((-32)/10)/(-2*2/130). What is the greatest common factor of 91 and j?
13
Suppose 47 = 5*s - 3. Calculate the greatest common divisor of s and 610.
10
Let j(t) = 5*t**2 + 6*t - 8. Let b(m) = 9*m**2 + 11*m - 15. Let o(z) = 3*b(z) - 5*j(z). Let d be o(-5). Calculate the highest common divisor of d and 45.
15
Let f = 756 - 360. Suppose 2*o - 16 = 56. Calculate the highest common factor of f and o.
36
Suppose 3*u + 4*t + 12 = 0, -5*u + t - 2 = -5. Suppose -2*r = -u*r. Suppose 4*h = -r*h + 440. Calculate the greatest common divisor of h and 10.
10
Let d = -52 + 78. Suppose -295 - 1109 = -9*x. Calculate the greatest common divisor of d and x.
26
Let o(w) = 8*w + 9. Let k = 19 - 13. Let l be o(k). What is the greatest common factor of l and 19?
19
Suppose -o + 2*h + 86 = 0, 7*o - 276 = 4*o - 3*h. Calculate the greatest common factor of o and 36.
18
Let k be 4*4/((-8)/(-47)). Let s = 134 - k. Let y(n) = 2*n**2 - 7*n + 6. Let q be y(4). What is the highest common factor of q and s?
10
Suppose -q = 3*j - 850, -4*j + 152 = 2*q - 1542. What is the greatest common factor of q and 29?
29
Let i = -2735 - -2760. What is the highest common factor of 100 and i?
25
Suppose -5*v - 412 = -2*r, -4*r + 5*v - 94 = -938. Let l be 1*4 + r/12. What is the greatest common factor of 242 and l?
22
Let d be 4353/21 - 4/14. Let m(w) = -7*w + 9. Let s be m(-2). Calculate the highest common divisor of d and s.
23
Suppose t = -2*p + 216, -4*p = -2*t - 6*p + 428. Let v = 303 - t. What is the greatest common divisor of 13 and v?
13
Suppose 8*c - 180 = 11*c - 15*c. Let p = 7 - 4. Calculate the highest common factor of p and c.
3
Let n(x) = -2*x + 0*x - 1 + 0. Let l be (51/(-68))/((2/8)/1). Let d be n(l). What is the highest common divisor of d and 55?
5
Let x(r) = -r**3 + 4*r**2 - r. Let d = -27 + 24. Let n be x(d). What is the highest common factor of n and 99?
33
Let h = -15 - -57. Suppose -4*t + 19 = -m, -t - 7 = 3*m - 2. Let r = 31 + m. Calculate the highest common divisor of r and h.
14
Suppose 0 = 3*f - 19 + 7. Suppose b = 3*s - 2, f*b = 5*b + s - 18. What is the highest common divisor of 1 and b?
1
Let b(a) = -a**3 + 4*a**2 + 2*a - 6. Let h be b(4). Suppose -30 = -2*u - h*u + 3*p, 0 = -3*u - 4*p + 10. Calculate the highest common divisor of u and 66.
6
Let d(w) = -w**3 - 4*w**2 + 29*w + 10. Let p be d(-8). Calculate the highest common divisor of p and 187.
17
Let q = 131 + -119. Suppose f - 16 = -3*f. Suppose 0 = f*l - 0*l - 16. What is the greatest common divisor of q and l?
4
Suppose 5*g - 155 = -0*g. Let z = -27 + g. Calculate the highest common factor of z and 20.
4
Suppose 2*h - 